 derivative of 13*i**4/6 + 2*i**3/3 + i**2 + 27*i. Let h be n(4). Suppose 3*q + 5*t = 2*q + 99, -t + h = 4*q. What is the tens digit of q?
0
Let i(k) = k**3 + 10*k**2 + 10*k + 9. Let f be i(-9). Suppose f = 14*r - 1559 + 187. What is the tens digit of r?
9
Let g(n) = -n**2 - 4*n + 1. Let o(r) = 8*r + 37. Let b be o(-5). Let s be g(b). Suppose s*d = 533 + 103. What is the hundreds digit of d?
1
Let d be (1 + -2 - -36) + -2. Let i = d + 862. Suppose -5*u + i = 240. What is the hundreds digit of u?
1
Suppose 20*g = 17*g + 540. Suppose l = -0*l + 5. Suppose l*c - g = -0*c. What is the units digit of c?
6
Let s = -5571 + 19399. What is the hundreds digit of s?
8
Let m(p) = -29*p - 2 + 3 + 2. Let f be 33/22*(84/(-9))/7. What is the units digit of m(f)?
1
Suppose -6*f + 34 + 26 = 0. Suppose n - f = -4. What is the tens digit of (-38)/(n/(-15)*1)?
9
Let q(l) = 2*l - 5. Let i be q(5). Let h(x) be the second derivative of x**5/10 - x**4/2 - 5*x**3/6 + 11*x**2/2 + 71*x - 2. What is the tens digit of h(i)?
8
Let n = -198 - -201. What is the hundreds digit of ((-2)/4)/(n/(-3312))?
5
Suppose -192 = -3*j + 5*c, -2*c + 3*c = 3*j - 192. Let r(a) = 6*a**2 + 3*a - 2. Let v be r(2). Suppose -v*i - j = -30*i. What is the tens digit of i?
3
Suppose -4*v + 1234 = -2*h, h = -3*v + 6*h + 915. Let y = 346 - v. What is the tens digit of y?
3
Suppose 1026*c - 517390 = 995*c. What is the tens digit of c?
9
Suppose 2*m = 2*k + 2, -5 = -5*k + k + m. Suppose -3*z + 30 + 14 = c, 4*c = -k*z + 186. Let f = c - 28. What is the units digit of f?
9
Let v be 6 - 165/25 - (-18)/5. Suppose -5*s + 197 = 2*r, 2*s - v = 2*r - 193. What is the tens digit of r?
9
Suppose 2*y + 3*y = -20. Let m(o) = -o**2 - o + 9. Let j be m(y). What is the units digit of (-24)/((12/10)/j)?
0
Let z(q) = 16245*q**2 - 4 - 2*q**3 - 16258*q**2 - 8*q + 7. Suppose 0 = -0*u + 4*u + 24. What is the tens digit of z(u)?
1
Let q(j) = -128*j + 216. Let l(c) = -43*c + 72. Let r(n) = 8*l(n) - 3*q(n). Let t be r(21). Suppose 0 = b + 3*b - t. What is the units digit of b?
2
Let d be 5990/2*5/5. Suppose -i - 5*z - d = -6*i, -3*i - 4*z + 1797 = 0. Let b = -387 + i. What is the tens digit of b?
1
Suppose -4*n + 2095 = u, -10*u + 12*u + 2*n - 4190 = 0. Let s = -1001 + u. What is the tens digit of s?
9
Let t = 172940 - 120090. What is the tens digit of t?
5
Suppose -z + 2*n + n + 17 = 0, 3*z - 39 = 5*n. Let k be (-6)/(-10)*(3 + 12). Let h = k - z. What is the units digit of h?
1
Let k = 19 + -17. Suppose -2*s + 3*c + 19 = 0, -4 = -k*c - 14. Suppose 0 = w + 3*w + s*y - 108, 4*w + y = 112. What is the units digit of w?
9
Let g be ((-2)/3)/((-2)/6) - 91. Let x(k) = 32*k**2 - 3*k - 3. Let v be x(-2). Let y = v + g. What is the units digit of y?
2
Let q be ((-6)/(-9))/(-1 + (-83)/(-81)). Suppose 24*x = q*x + 21. What is the tens digit of (6*1/x)/((-2)/56)?
2
Let m(z) = 13286*z**2 + 14*z + 6. What is the units digit of m(-1)?
8
Suppose 2*t + 446 = 5*y, -236 + 1382 = -5*t - 3*y. Let l = t + 495. What is the hundreds digit of l?
2
Suppose 0 = 36*r - 33*r - 9. Suppose -n = -2*v + 3, 8*n + 15 = -v + r*n. Suppose -2*t + 13 + 93 = v. What is the units digit of t?
3
Let z(t) = 4*t**2 + 30*t + 14. Let a be z(-7). Suppose -n - 3*n - 5*l = -1647, a = l + 5. What is the tens digit of n?
1
Let a(m) = 29*m**2 + 4*m + 14. Suppose -3*v = 2*v + 20. What is the units digit of a(v)?
2
Let g = 176 - 114. Suppose -g*m + 63*m = 13. Suppose 0 = m*x - 14*x + 112. What is the hundreds digit of x?
1
Let g(c) = -2*c + 1. Let o(u) = -149*u - 50. Let t(r) = g(r) + o(r). What is the hundreds digit of t(-5)?
7
Let w(x) = -46*x**2 + x + 23*x**2 + 27*x**2. Let b be w(0). Suppose 0 = o + i - 44, o - 2*i - 48 - 11 = b. What is the tens digit of o?
4
Let z be (10726 - -2)/6*1. Suppose 0 = -5*w - 213 + z. What is the tens digit of w?
1
Let q(d) = d + 15. Let g be q(-15). Suppose g = -4*v - 48 + 60. Suppose 389 = v*y + j, y + 2*y - 4*j - 379 = 0. What is the hundreds digit of y?
1
Let y(v) = 133*v**2 + 47*v - 383. What is the tens digit of y(10)?
8
Let t be (364/(-42))/(2/(-6)*2). Suppose -t*d + 26*d = 4563. What is the units digit of d?
1
Let o be (-4)/(-30) + (-6)/45. Suppose 16*r - 15*r - 326 = o. Suppose -10*l - r = -12*l. What is the units digit of l?
3
Let a(n) = 6*n**2 - 22*n + 16. Let d be a(-8). Suppose -3*h = -2*y + d, 5*y = 8*h - 13*h + 1440. What is the hundreds digit of y?
2
Let i be (-43)/(-3) + 8/12. Let g = i + 328. What is the tens digit of g?
4
Let y(m) = 487*m - 29. Let t(l) = 1460*l - 88. Let u(p) = -3*t(p) + 8*y(p). Let f be u(13). What is the hundreds digit of f/(-50) + (-2)/10?
1
Let d be 5/(-2)*(-8)/80*12. What is the tens digit of (-2 - (-130)/d)/((-104)/(-1092))?
3
Let x be 1/(((-1400)/(-114100))/(1*2 - 0)). Suppose 3*v - 3*g - 90 = 0, 2*v = 6*v + 5*g - 84. Let d = x - v. What is the units digit of d?
7
Let o(p) be the first derivative of -p**4/4 + 6*p**3 - 6*p**2 + 45*p + 28. What is the hundreds digit of o(16)?
3
Let z be (3016/290)/(2/2440). What is the tens digit of z/10 - 29/(-145)?
6
Let t be (-54)/(-10) - (-12)/(-30). Let z = -88 - t. What is the tens digit of (-18)/(-3) - 4 - z?
9
Let g(f) = -6*f**2 + 44*f - 12. Let z be g(7). What is the units digit of ((-7)/((-126)/(-12)))/(z/(-870))?
0
What is the hundreds digit of (3 + (-22)/(-6))*(1040 - -25)?
1
Let k = -2256 - -7323. What is the thousands digit of k?
5
Let x(z) = -1455*z - 815. What is the hundreds digit of x(-5)?
4
Suppose 78*u + 4*c = 76*u + 964, -2*c = 12. What is the hundreds digit of u?
4
Let h(y) = -84 + 5*y + 85 - 74. What is the units digit of h(17)?
2
Suppose 0 = -6*x - 1803 + 6711. Let g(r) = r**2 - 2*r + 15. Let m be g(0). Suppose -m*k = -3233 + x. What is the units digit of k?
1
Let p(b) = -94*b**3 - 3*b**2 - 15*b + 47. What is the units digit of p(-4)?
5
Let s(c) = 3*c**3 - 65*c**2 + 19*c - 33. What is the tens digit of s(25)?
9
Let q(a) = -2*a**3 - a**2 - 1. Let y(j) = j**3 + 10*j**2 - 9*j - 5. Let u(n) = -3*q(n) - y(n). What is the tens digit of u(7)?
4
Let a = 127 + -127. Let i be (4 - -75)*5*3. Suppose -20*c + 5*c + i = a. What is the units digit of c?
9
Let h = 7411 - 5134. Let w = -721 + h. What is the tens digit of w?
5
What is the tens digit of 218 + (-27)/(-36)*(-16)/(-3)?
2
Let i(s) = -2*s**3 + 8*s**2 + 43*s + 34. What is the hundreds digit of i(-11)?
1
Let x(l) = 6*l**2 - 4*l - 143. What is the hundreds digit of x(38)?
3
Let t = -89 - -92. Suppose 4*y + l = 57, t*y + 2*l - 42 = l. What is the units digit of (62/8)/((105/28)/y)?
1
Suppose w - 97 = -92. Suppose w*b = 3*a + 4*b - 189, 0 = -b + 3. Let i = a + -49. What is the units digit of i?
5
Let v = -113 - -113. Suppose v*r - 5*i = -4*r + 185, 3*i = 9. What is the tens digit of -14*(-5 - r)/5?
5
Let g = -19327 + 31775. What is the units digit of g?
8
Suppose i - 2195 = -3*f - 0*f, -4*f - 6624 = -3*i. Suppose -2*b = h - i, 3301 = -b + 4*b + 4*h. What is the thousands digit of b?
1
Suppose -5*q = 4*a - 1035, -9*a + 4*a = 3*q - 608. Let u = q + -147. What is the tens digit of u?
6
Let d = 32770 - 23218. What is the tens digit of d?
5
Let t(k) = 3*k - 8. Let g be t(6). Suppose -23*n + g*n + 598 = 0. What is the units digit of n?
6
Let r be -7 + -6 - -6 - 3. What is the units digit of (1 + -137)*(r - 3 - -9)?
4
Let n(i) = 809*i**2 - 138*i - 705. What is the units digit of n(-5)?
0
Suppose 2*q - 93512 = -3*x, -3*q + 55604 = 2*x - 84669. What is the hundreds digit of q?
7
Let j(r) = r**3 + 4*r**2 - 2*r + 15. Let p be j(-5). Suppose p = -2*b + 4 + 4, -2*o + 406 = -5*b. What is the tens digit of o?
1
Let d(t) = -3165*t + 292. What is the hundreds digit of d(-3)?
7
Let x = 229 + -229. Suppose x = s - 4*z - 527 + 39, -4*z = 5*s - 2440. What is the hundreds digit of s?
4
Let u = 11576 - 4924. What is the thousands digit of u?
6
What is the tens digit of (-3 - (-39)/9)/(24/59022)?
7
Suppose 103*b - 1996796 = 6785499. What is the hundreds digit of b?
2
Let m = -22 - -39. Suppose 360 = z + 5*d, -5*d + 683 + m = 2*z. What is the hundreds digit of z?
3
Suppose -2*f + 15607 = l + 4867, 26850 = 5*f - 2*l. Suppose -2*c - f = -5*s - 0*s, -2*s + 2148 = -5*c. What is the hundreds digit of s?
0
Let y = -4539 + 8104. What is the hundreds digit of y?
5
Suppose -304029 + 5706 = -29*v. What is the ten thousands digit of v?
1
Let